
False
Is 164 a factor of 112668?
True
Is 27049 a multiple of 22?
False
Does 15 divide 74265?
True
Does 10 divide 654?
False
Is 2601 a multiple of 76?
False
Is 1023 a multiple of 3?
True
Does 64 divide 7570?
False
Is 340 a multiple of 22?
False
Is 5917 a multiple of 50?
False
Is 386 a multiple of 8?
False
Does 4 divide 42?
False
Does 116 divide 5568?
True
Does 25 divide 562?
False
Is 36945 a multiple of 3?
True
Does 20 divide 400?
True
Is 52272 a multiple of 297?
True
Is 1770 a multiple of 118?
True
Is 39276 a multiple of 183?
False
Is 972 a multiple of 54?
True
Does 17 divide 13141?
True
Does 76 divide 6891?
False
Is 368 a multiple of 4?
True
Does 11 divide 59092?
True
Is 2592 a multiple of 81?
True
Does 38 divide 2227?
False
Is 12 a factor of 319?
False
Is 1500 a multiple of 25?
True
Is 100 a factor of 18187?
False
Is 15 a factor of 7232?
False
Is 9 a factor of 708?
False
Is 13440 a multiple of 84?
True
Is 47 a factor of 613?
False
Is 29 a factor of 380?
False
Is 2 a factor of 1107?
False
Is 2156 a multiple of 154?
True
Does 16 divide 33856?
True
Does 84 divide 16120?
False
Does 4 divide 1360?
True
Does 30 divide 5340?
True
Does 16 divide 2032?
True
Does 21 divide 12663?
True
Does 17 divide 38127?
False
Is 173 a factor of 19868?
False
Is 1300 a multiple of 50?
True
Does 16 divide 2359?
False
Is 14 a factor of 57851?
False
Is 289 a factor of 78358?
False
Is 17 a factor of 1003?
True
Is 873 a multiple of 13?
False
Is 12060 a multiple of 60?
True
Is 9 a factor of 1313?
False
Is 7 a factor of 406?
True
Does 39 divide 19890?
True
Is 186 a factor of 37944?
True
Does 24 divide 39083?
False
Does 5 divide 2139?
False
Does 6 divide 66?
True
Is 85 a factor of 3004?
False
Is 56 a factor of 69068?
False
Is 65927 a multiple of 7?
False
Does 5 divide 8589?
False
Is 86 a factor of 53492?
True
Does 37 divide 814?
True
Is 12 a factor of 3428?
False
Is 27 a factor of 9863?
False
Is 82280 a multiple of 242?
True
Does 19 divide 1156?
False
Is 6552 a multiple of 26?
True
Does 15 divide 22904?
False
Is 37 a factor of 143809?
False
Does 37 divide 703?
True
Is 2252 a multiple of 4?
True
Is 2881 a multiple of 43?
True
Does 59 divide 3228?
False
Is 71 a factor of 1348?
False
Does 11 divide 723?
False
Does 2 divide 160?
True
Does 74 divide 15170?
True
Is 5716 a multiple of 38?
False
Does 23 divide 26542?
True
Is 84005 a multiple of 317?
True
Does 22 divide 137346?
True
Is 14 a factor of 42?
True
Is 4788 a multiple of 4?
True
Is 11 a factor of 28143?
False
Is 56 a factor of 1736?
True
Is 5760 a multiple of 72?
True
Is 10508 a multiple of 5?
False
Is 11 a factor of 759?
True
Is 19 a factor of 15572?
False
Is 5 a factor of 665?
True
Is 266 a multiple of 14?
True
Does 43 divide 129?
True
Does 23 divide 2553?
True
Is 14261 a multiple of 32?
False
Does 16 divide 568?
False
Does 155 divide 26815?
True
Is 51 a factor of 17766?
False
Is 928 a multiple of 71?
False
Is 216 a multiple of 108?
True
Is 6344 a multiple of 13?
True
Is 1668 a multiple of 71?
False
Does 13 divide 2028?
True
Is 528 a multiple of 24?
True
Is 37 a factor of 60680?
True
Is 721 a multiple of 62?
False
Does 71 divide 6248?
True
Is 8100 a multiple of 20?
True
Does 48 divide 49392?
True
Is 114 a multiple of 3?
True
Is 30 a factor of 4540?
False
Does 14 divide 2492?
True
Is 4 a factor of 880?
True
Does 23 divide 1695?
False
Does 9 divide 2353?
False
Is 25 a factor of 1562?
False
Does 13 divide 3848?
True
Is 442 a multiple of 34?
True
Is 112 a factor of 28754?
False
Is 17 a factor of 1638?
False
Is 79 a factor of 4852?
False
Is 79 a factor of 1738?
True
Does 29 divide 2365?
False
Is 6 a factor of 3060?
True
Does 105 divide 4302?
False
Is 3960 a multiple of 330?
True
Is 45474 a multiple of 78?
True
Is 26 a factor of 754?
True
Is 2845 a multiple of 5?
True
Is 48 a factor of 5627?
False
Does 3 divide 2624?
False
Does 4 divide 8110?
False
Is 10 a multiple of 10?
True
Is 15 a factor of 292?
False
Is 532 a multiple of 38?
True
Is 38376 a multiple of 78?
True
Does 3 divide 9649?
False
Is 16 a factor of 2288?
True
Does 20 divide 8539?
False
Is 6 a factor of 18524?
False
Is 61 a factor of 20923?
True
Does 152 divide 1976?
True
Is 492 a multiple of 5?
False
Is 1092 a multiple of 6?
True
Is 797 a multiple of 36?
False
Does 49 divide 82921?
False
Is 32 a factor of 121133?
False
Does 134 divide 9380?
True
Is 15553 a multiple of 103?
True
Is 56949 a multiple of 41?
True
Is 68 a factor of 3770?
False
Is 8784 a multiple of 18?
True
Is 45 a factor of 8685?
True
Is 39 a factor of 44538?
True
Is 207 a factor of 52371?
True
Is 256 a multiple of 32?
True
Is 13 a factor of 117?
True
Is 24 a factor of 7210?
False
Is 102 a multiple of 6?
True
Is 327 a multiple of 5?
False
Is 2 a factor of 2482?
True
Is 1624 a multiple of 28?
True
Does 17 divide 6273?
True
Does 8 divide 29614?
False
Is 147 even?
False
Does 206 divide 3240?
False
Is 441 a factor of 15435?
True
Does 79 divide 734?
False
Is 3760 a multiple of 20?
True
Does 29 divide 928?
True
Is 99 a factor of 3469?
False
Is 28940 a multiple of 10?
True
Does 177 divide 37808?
False
Does 20 divide 69416?
False
Does 167 divide 5184?
False
Does 32 divide 3968?
True
Is 37046 a multiple of 22?
False
Is 3293 a multiple of 37?
True
Is 104780 a multiple of 155?
True
Does 28 divide 10864?
True
Is 9415 a multiple of 269?
True
Is 136 a multiple of 9?
False
Is 13 a factor of 16718?
True
Is 23 a factor of 829?
False
Does 65 divide 13455?
True
Is 35 a factor of 1855?
True
Does 7 divide 10003?
True
Is 27009 a multiple of 16?
False
Is 222 a factor of 60391?
False
Does 70 divide 2800?
True
Does 207 divide 11532?
False
Does 20 divide 1820?
True
Does 22 divide 2523?
False
Does 15 divide 1472?
False
Is 2239 a multiple of 40?
False
Does 19 divide 25536?
True
Is 13 a factor of 56804?
False
Is 2 a factor of 2826?
True
Does 9 divide 3251?
False
Is 37 a factor of 17124?
False
Is 3840 a multiple of 32?
True
Is 42735 a multiple of 33?
True
Does 48 divide 5232?
True
Is 8 a factor of 23232?
True
Is 3 a factor of 29292?
True
Is 48 a factor of 79?
False
Does 9 divide 1251?
True
Is 23 a factor of 1783?
False
Is 14822 a multiple of 16?
False
Is 11368 a multiple of 56?
True
Does 149 divide 1341?
True
Is 16 a factor of 9828?
False
Is 314 a factor of 83693?
False
Is 6 a factor of 4656?
True
Does 22 divide 18137?
False
Does 4 divide 16?
True
Is 17 a factor of 289?
True
Is 31591 a multiple of 19?
False
Does 76 divide 653?
False
Is 4845 a multiple of 14?
False
Is 2930 a multiple of 76?
False
Does 5 divide 11307?
False
Does 45 divide 1329?
False
Does 13 divide 14958?
False
Is 23 a factor of 598?
True
Is 17 a factor of 680?
True
Does 10 divide 780?
True
Is 1065 a multiple of 42?
False
Does 11 divide 33?
True
Does 3 divide 23785?
False
Does 52 divide 54444?
True
Is 6905 a multiple of 15?
False
Is 4208 a multiple of 75?
False
Is 27 a factor of 8073?
True
Is 78 a factor of 5860?
False
Does 20 divide 45240?
True
Is 4 a factor of 9012?
True
Is 8343 a multiple of 81?
True
Is 38 a factor of 5576?
False
Is 25974 a multiple of 39?
True
Is 2 a factor of 211?
False
Is 303 a multiple of 7?
False
Is 600 a multiple of 10?
True
Is 138 a factor of 13838?
False
Is 74 a factor of 338?
False
Is 20098 a multiple of 106?
False
Does 13 divide 1248?
True
Is 652 a multiple of 48?
False
Is 306 a multiple of 51?
True
Is 31 a factor of 52591?
False
Is 49644 a multiple of 28?
True
Is 25 a factor of 3500?
True
Is 15 a factor of 16815?
True
Is 162 a multiple of 10?
False
Is 15 a factor of 17141?
False
Is 1152 a multiple of 48?
True
Is 54 a factor of 3780?
True
Is 824 a multiple of 29?
False
Is 130 a factor of 71370?
True
Is 322 a factor of 84042?
True
Is 21 a factor of 1649?
False
Does 5 divide 35?
True
Is 14 a factor of 28718?
False
Is 16218 a multiple of 51?
True
Is 7 a factor of 315?
True
Is 25 a factor of 1334?
False
Does 19 divide 699?
False
Is 64460 a multiple of 21?
False
Is 5698 a multiple of 7?
True
Is 420 a multiple of 5?
True
Does 47 divide 65258?
False
Is 56 a factor of 11879?
False
Is 5647 a multiple of 115?
False
Is 253 a factor of 28083?
True
Is 1455 a multiple of 27?
False
Is 12062 a multiple of 76?
False
Is 21328 a multiple of 43?
True
Is 155 a factor of 34100?
True
Is 1820 a multiple of 7?
True
Is 43 a factor of 258?
True
Is 39 a factor 